92?
9
What is the tens digit of 33843?
4
What is the tens digit of 16308?
0
What is the thousands digit of 1873?
1
What is the thousands digit of 22647?
2
What is the hundreds digit of 313?
3
What is the thousands digit of 6182?
6
What is the hundreds digit of 1052?
0
What is the thousands digit of 14788?
4
What is the tens digit of 939?
3
What is the tens digit of 70579?
7
What is the units digit of 50781?
1
What is the units digit of 110198?
8
What is the units digit of 31966?
6
What is the thousands digit of 1426?
1
What is the thousands digit of 5810?
5
What is the thousands digit of 3098?
3
What is the units digit of 507?
7
What is the hundreds digit of 1207?
2
What is the tens digit of 252?
5
What is the units digit of 8678?
8
What is the thousands digit of 47776?
7
What is the tens digit of 15546?
4
What is the tens digit of 176977?
7
What is the tens digit of 8119?
1
What is the tens digit of 12409?
0
What is the tens digit of 1305?
0
What is the hundreds digit of 1157?
1
What is the thousands digit of 1678?
1
What is the hundreds digit of 1478?
4
What is the units digit of 5007?
7
What is the hundreds digit of 3812?
8
What is the thousands digit of 1064?
1
What is the thousands digit of 2483?
2
What is the thousands digit of 24710?
4
What is the units digit of 1581?
1
What is the tens digit of 801?
0
What is the tens digit of 58000?
0
What is the units digit of 390?
0
What is the thousands digit of 14866?
4
What is the hundreds digit of 338?
3
What is the tens digit of 581?
8
What is the tens digit of 11440?
4
What is the tens digit of 89875?
7
What is the hundreds digit of 198?
1
What is the units digit of 81?
1
What is the tens digit of 638?
3
What is the tens digit of 3554?
5
What is the thousands digit of 67114?
7
What is the units digit of 5836?
6
What is the thousands digit of 154829?
4
What is the hundreds digit of 56755?
7
What is the units digit of 23365?
5
What is the hundreds digit of 6786?
7
What is the tens digit of 41125?
2
What is the hundreds digit of 756?
7
What is the hundreds digit of 2418?
4
What is the thousands digit of 4089?
4
What is the thousands digit of 1338?
1
What is the thousands digit of 122498?
2
What is the tens digit of 13350?
5
What is the ten thousands digit of 26168?
2
What is the hundreds digit of 724?
7
What is the ten thousands digit of 35828?
3
What is the thousands digit of 2488?
2
What is the units digit of 5731?
1
What is the units digit of 7942?
2
What is the thousands digit of 47081?
7
What is the thousands digit of 51733?
1
What is the tens digit of 776?
7
What is the thousands digit of 2893?
2
What is the tens digit of 960?
6
What is the tens digit of 515?
1
What is the hundreds digit of 4100?
1
What is the tens digit of 68258?
5
What is the units digit of 21448?
8
What is the tens digit of 2156?
5
What is the units digit of 641?
1
What is the hundreds digit of 5933?
9
What is the tens digit of 46774?
7
What is the units digit of 4422?
2
What is the units digit of 40635?
5
What is the hundreds digit of 799?
7
What is the ten thousands digit of 14642?
1
What is the ten thousands digit of 27486?
2
What is the ten thousands digit of 58330?
5
What is the hundreds digit of 228?
2
What is the tens digit of 1932?
3
What is the units digit of 1685?
5
What is the thousands digit of 3235?
3
What is the tens digit of 832?
3
What is the hundreds digit of 67549?
5
What is the thousands digit of 1159?
1
What is the units digit of 4348?
8
What is the hundreds digit of 5641?
6
What is the tens digit of 128878?
7
What is the ten thousands digit of 59837?
5
What is the units digit of 2460?
0
What is the tens digit of 294?
9
What is the thousands digit of 71485?
1
What is the hundreds digit of 592?
5
What is the hundreds digit of 916?
9
What is the thousands digit of 6646?
6
What is the hundreds digit of 367?
3
What is the units digit of 19038?
8
What is the tens digit of 67822?
2
What is the thousands digit of 29455?
9
What is the tens digit of 910?
1
What is the tens digit of 3256?
5
What is the units digit of 199464?
4
What is the thousands digit of 7952?
7
What is the units digit of 56157?
7
What is the tens digit of 35216?
1
What is the units digit of 55?
5
What is the tens digit of 108836?
3
What is the units digit of 13001?
1
What is the hundreds digit of 1564?
5
What is the units digit of 973?
3
What is the tens digit of 539?
3
What is the units digit of 27545?
5
What is the thousands digit of 1769?
1
What is the hundreds digit of 7015?
0
What is the hundreds digit of 25223?
2
What is the hundreds digit of 31857?
8
What is the hundreds digit of 1171?
1
What is the tens digit of 2234?
3
What is the units digit of 874?
4
What is the hundreds digit of 9945?
9
What is the hundreds digit of 74551?
5
What is the units digit of 259?
9
What is the hundreds digit of 7069?
0
What is the units digit of 83534?
4
What is the units digit of 3430?
0
What is the thousands digit of 1904?
1
What is the thousands digit of 22161?
2
What is the tens digit of 32997?
9
What is the hundreds digit of 7426?
4
What is the hundreds digit of 30922?
9
What is the tens digit of 3639?
3
What is the hundreds digit of 1686?
6
What is the hundreds digit of 251?
2
What is the hundreds digit of 221?
2
What is the thousands digit of 6692?
6
What is the units digit of 98428?
8
What is the tens digit of 12854?
5
What is the tens digit of 25792?
9
What is the tens digit of 1345?
4
What is the tens digit of 1864?
6
What is the tens digit of 3109?
0
What is the units digit of 21971?
1
What is the hundreds digit of 13792?
7
What is the thousands digit of 4876?
4
What is the tens digit of 13471?
7
What is the units digit of 237?
7
What is the thousands digit of 79267?
9
What is the tens digit of 122691?
9
What is the units digit of 25681?
1
What is the thousands digit of 3623?
3
What is the thousands digit of 19806?
9
What is the tens digit of 3760?
6
What is the hundreds digit of 34288?
2
What is the tens digit of 2195?
9
What is the thousands digit of 91502?
1
What is the tens digit of 53304?
0
What is the tens digit of 2194?
9
What is the tens digit of 6226?
2
What is the tens digit of 2997?
9
What is the tens digit of 3706?
0
What is the units digit of 1289?
9
What is the units digit of 1974?
4
What is the ten thousands digit of 13141?
1
What is the hundreds digit of 354?
3
What is the thousands digit of 16130?
6
What is the hundreds digit of 2230?
2
What is the hundreds digit of 5259?
2
What is the tens digit of 3706?
0
What is the ten thousands digit of 175726?
7
What is the units digit of 4583?
3
What is the hundreds digit of 850?
8
What is the tens digit of 5132?
3
What is the tens digit of 22934?
3
What is the hundreds digit of 133928?
9
What is the hundreds digit of 408?
4
What is the thousands digit of 6337?
6
What is the units digit of 997?
7
What is the hundreds digit of 394?
3
What is the units digit of 2423?
3
What is the tens digit of 537?
3
What is the ten thousands digit of 68374?
6
What is the hundreds digit of 41112?
1
What is the hundreds digit of 10811?
8
What is the units digit of 3164?
4
What is the units digit of 28753?
3
What is the hundreds digit of 757?
7
What is the units digit of 2661?
1
What is the hundreds digit of 47641?
6
What is the hundreds digit of 2003?
0
What is the thousands digit of 1021?
1
What is the thousands digit of 57092?
7
What is the ten thousands digit of 56798?
5
What is the units digit of 960?
0
What is the thousands digit of 8049?
8
What is the tens digit of 4068?
6
What is the units digit of 50522?
2
What is the ten thousands digit of 14001?
1
What is the units digit of 1091?
1
What is the thousands digit of 24398?
4
What is the ten thousands digit of 41213?
4
What is the thousands digit of 36287?
6
What is the hundreds digit of 16442?
4
What is the hundreds digit of 4721?
7
What is the hundreds digit of 1470?
4
What is the tens digit of 88?
8
What is the tens digit of 1837?
3
What is the units digit of 22891?
1
What is the hundreds digit of 330?
3
What is the ten thousands digit of 102405?
0
What is the hundreds digit of 130?
1
What is the tens digit of 2244?
4
What is the thousands digit of 6931?
6
What is the tens digit of 1061?
6
What is the thousands digit of 54291?
4
What is the